6 + -22?
64
In base 4, what is 23 + -13?
10
In base 13, what is 6 - 13a?
-134
In base 2, what is -10000100110 - 100?
-10000101010
In base 9, what is -13 - -248?
235
In base 6, what is 511 + 3?
514
In base 13, what is -12 - 8?
-1a
In base 11, what is 6 + 102?
108
In base 9, what is -436 + 6?
-430
In base 6, what is 4524 - -2?
4530
In base 16, what is -16a - 8?
-172
In base 2, what is 1010 + -1110110?
-1101100
In base 6, what is -11 - -213?
202
In base 12, what is -2 - -16?
14
In base 7, what is 132 + 66?
231
In base 6, what is -312103 + -3?
-312110
In base 16, what is 1e1 + 0?
1e1
In base 4, what is 3001 - 10?
2331
In base 4, what is -2300 + 10?
-2230
In base 16, what is 0 + 4?
4
In base 2, what is 10110011000001 - 100?
10110010111101
In base 10, what is 16 + -5?
11
In base 6, what is -2 - 40?
-42
In base 16, what is -9 + 1cd?
1c4
In base 9, what is -347 + -4?
-352
In base 14, what is -17b + -b?
-188
In base 2, what is -100100 - -101?
-11111
In base 7, what is 4 - 265?
-261
In base 7, what is -12 - 10?
-22
In base 10, what is 2 + 124?
126
In base 3, what is 2 - -110002?
110011
In base 13, what is 206 + 9?
212
In base 10, what is -4 - -47?
43
In base 4, what is 2 + -230012?
-230010
In base 2, what is -111 - -101111?
101000
In base 2, what is -111111000011 - 0?
-111111000011
In base 11, what is 5a0 + 4?
5a4
In base 5, what is -342 + -24?
-421
In base 7, what is 2040 + 4?
2044
In base 7, what is 65 + -54?
11
In base 8, what is 3472 - -3?
3475
In base 10, what is -55 + 17?
-38
In base 10, what is -3055 + -1?
-3056
In base 15, what is -25 + 3?
-22
In base 9, what is 12 + 37?
50
In base 14, what is -5 - 2d95?
-2d9a
In base 16, what is 41 + -3?
3e
In base 16, what is -2 - -70?
6e
In base 12, what is 1515 - -3?
1518
In base 2, what is 110000110 + -10?
110000100
In base 16, what is 0 + -5f0?
-5f0
In base 9, what is -1 - 601?
-602
In base 3, what is -1202102 - 11?
-1202120
In base 10, what is -2 + -156?
-158
In base 9, what is 7 + 44?
52
In base 11, what is -5185 - -3?
-5182
In base 2, what is 100 + -1101111?
-1101011
In base 5, what is -21031 + -12?
-21043
In base 14, what is 1b1 + 8?
1b9
In base 13, what is 2 + -41?
-3c
In base 5, what is 341112 + 4?
341121
In base 13, what is 18a + 5?
192
In base 13, what is -6 + 16b?
165
In base 5, what is 34 + 10?
44
In base 11, what is 21 + -6?
16
In base 16, what is -3b + 1?
-3a
In base 15, what is -39 + -5?
-3e
In base 16, what is -5 + -19?
-1e
In base 13, what is 8a9 + -3?
8a6
In base 14, what is -ba + 9?
-b1
In base 16, what is -db - -30?
-ab
In base 8, what is -115 + -116?
-233
In base 8, what is -20 + 10?
-10
In base 2, what is -1001 + 10011?
1010
In base 3, what is 202212 - -12?
210001
In base 9, what is -14854 + 4?
-14850
In base 5, what is 0 - 33222?
-33222
In base 15, what is -15 - 1d?
-33
In base 15, what is 8 + 4ca?
4d3
In base 10, what is -4 + -8?
-12
In base 7, what is 5 + 6123?
6131
In base 11, what is -874 + 2?
-872
In base 14, what is 59 + 7?
62
In base 2, what is -101001110011 + 10?
-101001110001
In base 2, what is -10 - 10111001100?
-10111001110
In base 16, what is -3 + abb?
ab8
In base 13, what is -102 + -3?
-105
In base 9, what is 3 + -2208?
-2205
In base 14, what is -2b - 10?
-3b
In base 8, what is -341 + 5?
-334
In base 11, what is 6 - 92?
-87
In base 13, what is 380 - b?
372
In base 4, what is 2232 - -201?
3033
In base 8, what is -4 + -16?
-22
In base 13, what is -2a5 - 4?
-2a9
In base 6, what is -4 - 152?
-200
In base 12, what is 21 - -17?
38
In base 14, what is 4a9 - 3?
4a6
In base 9, what is 5 + -23?
-17
In base 8, what is 10 - 14?
-4
In base 9, what is 2 + 128?
131
In base 9, what is 0 + -44?
-44
In base 15, what is -2ed - 0?
-2ed
In base 15, what is -2 - 120?
-122
In base 14, what is 5 - -22?
27
In base 16, what is -21 + -46?
-67
In base 3, what is -21111 - 11?
-21122
In base 3, what is -12210 - 10?
-12220
In base 6, what is -521 + 2?
-515
In base 12, what is -33 + 2?
-31
In base 10, what is 1336 + -1?
1335
In base 7, what is -55 + 121?
33
In base 7, what is 12 + 44?
56
In base 9, what is -5 + 3?
-2
In base 3, what is 21 + -22012?
-21221
In base 8, what is -237 - 3?
-242
In base 5, what is 2213 - -4?
2222
In base 12, what is -7 - -27?
20
In base 11, what is 4 + -2445?
-2441
In base 4, what is 302 - -102?
1010
In base 9, what is 13 - -1124?
1137
In base 6, what is -12 - -1451?
1435
In base 3, what is -10 + 2011?
2001
In base 8, what is -743 - -15?
-726
In base 5, what is -4 - -102?
43
In base 10, what is 33 + -5?
28
In base 15, what is 25 + 1d?
43
In base 3, what is 0 - 11?
-11
In base 6, what is 4 + 5555?
10003
In base 16, what is 1ef - 21?
1ce
In base 5, what is -340 + -10?
-400
In base 12, what is -14 + -9?
-21
In base 9, what is 0 - -224?
224
In base 7, what is -316 - -5?
-311
In base 3, what is -12 + -101?
-120
In base 10, what is -6 + -1016?
-1022
In base 15, what is 3 - 14?
-11
In base 15, what is 23 + -3?
20
In base 9, what is 116 - 5?
111
In base 16, what is -b + 2c?
21
In base 15, what is 2c0 - 5?
2ba
In base 2, what is -11010 - -1000?
-10010
In base 3, what is 21120 + 10?
21200
In base 14, what is -7 - 3?
-a
In base 15, what is -3378 - -1?
-3377
In base 12, what is -5 + -aa?
-b3
In base 8, what is 2 - 325?
-323
In base 15, what is 7 + 1?
8
In base 4, what is 2 - -1000?
1002
In base 7, what is -1 - 2102?
-2103
In base 4, what is -12 - 131323?
-132001
In base 8, what is -2 + -2?
-4
In base 7, what is 161 - -120?
311
In base 3, what is -112200 + -10?
-112210
In base 5, what is 10 - -2004?
2014
In base 5, what is 10 + 13410?
13420
In base 4, what is 3 + -221?
-212
In base 8, what is -13021 - -4?
-13015
In base 3, what is -12202022 - 11?
-12202110
In base 11, what is 25a - 2?
258
In base 11, what is 2 + -69a2?
-69a0
In base 15, what is -41 + -c4?
-115
In base 5, what is -134114 - 0?
-134114
In base 9, what is 0 + 0?
0
In base 3, what is 121011 - 2?
121002
In base 15, what is 627 + -4?
623
In base 10, what is 90 + 2?
92
In base 6, what is 1104 + 3?
1111
In base 8, what is 5014 + 1?
5015
In base 13, what is 231 - -3?
234
In base 15, what is 6 + -e?
-8
In base 5, what is -30 - 224?
-304
In base 12, what is 39 - 88?
-4b
In base 3, what is 20 + -11?
2
In base 3, what is -2 + -1111?
-1120
In base 6, what is 2 + 3050?
3052
In base 11, what is 13 - 114?
-101
In base 8, what is 6 + 1032?
1040
In base 2, what is 1010 - -10001?
11011
In base 8, what is -40 + 13?
-25
In base 14, what is -1 + 4cc?
4cb
In base 15, what is -156 - -2?
-154
In base 8, what is -4 - -47?
43
In base 2, what is -101 + 11111?
11010
In base 13, what is 77 - -a?
84
In base 15, what is 6c6 - 1?
6c5
In base 5, what is -2412 - -34?
-2323
In base 2, what is 10100101010 + -100?
10100100110
In base 13, what is 2 - -110?
112
In base 8, what is -5 - -41?
34
In base 15, what is -1d8 - 1?
-1d9
In base 12, what is 1 + 59?
5a
In base 12, what is a - 65?
-57
In base 4, what is -311 + -21?
-332
In base 13, what is -1 - -b21?
b20
In base 3, what is 20 + -100221?
-100201
In base 10, what is -430 + 36?
-394
In base 14, what is 1 - -124?
125
In base 12, what is b + -98?
-89
In base 9, what is 86 + -55?
31
In base 12, what is 60b8 + -3?
60b5
In base 9, what is -351 + -55?
-416
In base 3, what is -112112 + 2?
-112110
In base 5, what is 4 - 3241?
-3232
In base 7, what is -42611 + -5?
-42616
In base 8, what is -5775 - 4?
-6001
In base 8, what is -4 - -310?
304
In base 2, what is -1 - -101010000?
101001111
In base 6, what is 1142 + -2?
1140
In base 7, what is -6161 + 3?
-6155
In base 15, what is -12 + -94?
-a6
In base 13, what is -2356 - -5?
-2351
In base 16, what is -e + -2b3?
-2c1
In base 7, what is 1005 - -2?
1010
In base 15, what is 0 - 11d?
-11d
In base 3, what is -21210 - 1?
-21211
In base 14, what is -4 - -76?
72
In base 15, what is -1539 + -5?
-153e
In base 9, what is 5 + -138?
-133
In base 14, what is 5 - -21?
26
In base 12, what is -1 + 172?
171
In base 7, what is 114 + 0?
114
In base 16, what is -2 + -28?
-2a
In base 12, what is 2 + -289?
-287
In base 11, what is 3 + -55?
-52
In base 7, what is -2 + -136?
-141
In base 12, what is -3 - -a1?
9a
In base 5, what is 10 - 2042?
-2032
In base 7, what is 1643 + 2?
1645
In base 6, what is -212 - -22?
-150
In base 15, what is 2 + -654?
-652
In base 15, what is -4 + 5?
1
In base 14, what i